uppose p + l*k + 28 = 3*p, 0 = -4*k + 20. Is p composite?
False
Suppose -35*g + 51494 = -33*g - 4*a, -5*a + 25726 = g. Is g composite?
False
Let b be (7 - -3)*(-5 - -3). Let m = b + 23. Suppose 5*l - 2*l - m*d = 987, 3*l + 5*d = 1003. Is l a prime number?
True
Let r(v) = -v + 5. Let c be r(4). Let j(u) = 222*u**2 - 3*u + 1 - 8*u**2 + u. Is j(c) prime?
False
Suppose 74 = -l + 405. Is l prime?
True
Let x(l) be the second derivative of 1/12*l**4 + 0 + 7/2*l**2 + 5*l + 0*l**3. Is x(0) composite?
False
Suppose -3*f + 2*j = -3*j - 12, -4*f = -j - 16. Suppose n + 2*b - 4657 = 0, -2*b = f*n + 4102 - 22730. Is n a composite number?
False
Suppose -23*r = -88298 - 14604. Is r a prime number?
False
Let q(j) = j**3 + j**2 - j + 9. Let b be q(0). Suppose s = -2*s + b. Suppose -3*l + v + 0*v + 600 = 0, s*v = 9. Is l composite?
True
Let a be (9 - 8)*(1 + -2). Let p be ((-12)/10)/(a/5). Suppose -3*l = -p*l - 3*c + 345, -2*c - 436 = -4*l. Is l a composite number?
True
Let y(l) = 261*l**2 - l. Let h be y(-1). Let d = h - 131. Is d prime?
True
Suppose -107*b - 50533 = -114*b. Is b a prime number?
True
Let s = 24 + -19. Is 2697/6 - s/10 a composite number?
False
Let x(r) = -r**2 - 9*r - 15. Let j be x(-6). Let l = j + 7. Suppose -9*q + l*q - 23 = 0. Is q prime?
True
Let h be ((-1)/(-3))/((-1)/(-3489)). Let s = h + -454. Is s a composite number?
False
Let r(t) = 13*t**3 + 2*t**2 - t + 2. Let n be r(2). Let g be 7 + -1 + -29 + 445. Suppose -g = -5*m - n. Is m prime?
False
Let x(t) = 329*t**2 - 7*t - 19. Is x(-4) prime?
True
Suppose 4*z - 2*s = 241774, -9*s + 4*s = 5. Is z a composite number?
False
Let z = -90371 + 180477. Is z composite?
True
Let r = -32 + 55. Let b = 28 - r. Suppose -7*y + 1114 = -b*y. Is y a prime number?
True
Let x = -548 + 1388. Let s be (3/(-1))/(36/x). Let w = s + 212. Is w composite?
True
Suppose -4*k - 4*m = -k - 74663, 0 = k - 2*m - 24891. Is k a composite number?
False
Let v = -22 - -18. Is 499/v*(3 - 7) prime?
True
Let u(y) = 629*y - 45. Is u(2) a composite number?
False
Suppose 0*k + 50401 = 13*k. Is k prime?
True
Let y = -2047 - -1200. Let h = 1212 + y. Is h composite?
True
Suppose 5*y - 11 - 14 = 0. Suppose 0 = -2*r + 3*r - 27. Suppose -y*l - r = -8*l. Is l prime?
False
Let y(l) be the second derivative of l**5/20 - l**4/2 + 2*l**3 + 4*l**2 + 31*l. Is y(11) prime?
False
Let v(h) = 16*h**2 - 15*h + 13. Let w be v(6). Suppose -4*g - 5*n + w = 0, 5*n = 5*g - 0*n - 680. Is g prime?
True
Is (20/(-4) - -1597) + (-10)/(-2) prime?
True
Let d = 57 + -55. Suppose -6*a - 4*i + 3668 = -d*a, -3*i = 6. Is a a prime number?
True
Suppose 0*q = -6*q + 90. Let i(t) = t**3 - 14*t**2 - 6*t + 32. Is i(q) a composite number?
False
Suppose -5 = -r - 4*l, 0*l + 4*l - 17 = 3*r. Let c be 1 - -2019*r/(-3). Suppose -4*s = -0*s - c. Is s prime?
False
Suppose 9*p - 7*p = 11602. Suppose -5*r + 21836 = p. Is r a prime number?
False
Suppose -23*k = -21*k + 2. Is 197 + 2 + ((-1)/k - -2) a prime number?
False
Let n(r) be the first derivative of 29*r**3/3 + r**2 + 3*r - 4. Let v be n(-2). Is v/(-5)*(-4 - -1) a prime number?
False
Suppose 0 = -a + 5*o, 10 = 3*a + o - 6*o. Suppose 0*t - 24 = -5*z + t, -4*z - a*t + 25 = 0. Suppose -3*b + w + 4*w + 527 = 0, z*b - w - 893 = 0. Is b prime?
True
Let r(k) = -6*k - 11. Let m(j) = -j - 1. Let s(g) = -5*m(g) + r(g). Let u be s(-11). Suppose 3*n - u*n = -134. Is n a prime number?
True
Let h = -29 + 24. Let r = 4 + h. Is 7/7 + 254 + r prime?
False
Suppose -7*w = -6*w + 60. Let q = w + 139. Is q a prime number?
True
Let u(r) = -r**2 + 6*r - 1. Let p be u(6). Let v be ((-189)/(-45))/(p/(-115)). Let q = v - 152. Is q a prime number?
True
Let o = 1910 - 1423. Is o a composite number?
False
Is ((-20)/(-100))/(1/113185) composite?
False
Let m be ((32/24)/(-2))/((-4)/(-138)). Let k = 28 - m. Is k composite?
True
Let g = -33279 + 56396. Is g a prime number?
True
Let i be 1 - (-3 + 0 - -3). Let d be 26/(i + 1) + -1. Suppose 472 = d*x - 8*x. Is x composite?
True
Is (5802/(-4))/(12 - (-300)/(-24)) prime?
False
Let g be 6331/52*(-16)/(-1). Suppose 0 = b + 3*b - g. Is b prime?
True
Suppose 0 = -3*g + 16*g - 73307. Is g a prime number?
True
Let u = 26216 - 18501. Is u a prime number?
False
Let p be (1608/(-7 + 1))/(-2). Let d = p - 75. Is d a prime number?
True
Let r(h) = -h**3 - 14*h**2 - 15*h + 23. Is r(-17) a composite number?
True
Let q be (1/(-4))/((-7)/56). Let v(p) = p**2 - 4*p + 4. Let h be v(q). Suppose -4*o + 4*g + 48 = h, -2*o - 40 = -7*o - 5*g. Is o composite?
True
Let m be (-1)/7 + 0 + (-6996)/28. Let l = 356 + m. Is l composite?
True
Suppose -5*o + 9 = 89. Let c = o - -19. Suppose 4*a = c*m + 587, a + 145 = 2*a + m. Is a composite?
True
Suppose -4*z = -4*u - z + 15293, 3*z = 2*u - 7651. Is u prime?
True
Let x(n) = 2*n. Let l be x(3). Let q be -1*(-3)/l*12. Is (-3 - q/(-1)) + 200 a prime number?
False
Let l(p) be the third derivative of 7*p**5/30 - p**4/24 + 2*p**3/3 + 21*p**2. Is l(-7) a prime number?
False
Let w = 21213 + 28040. Is w a composite number?
False
Suppose 5*b = b - 2*b. Is 1459 - (-3 + 3) - b/1 a composite number?
False
Suppose -4*b + 5*b = 2292. Is (3/(-9))/((-4)/b) composite?
False
Suppose -5*p + 8*p = 357. Suppose -2*i = p + 89. Is (i/(-24))/(2/102) a composite number?
True
Suppose -2*c = 2*w - 5312, c + 2*c - 3*w = 7974. Is c a composite number?
False
Suppose -11*n + 10209 = -87262. Is n composite?
False
Let r(b) = -9*b + 14 - 17*b - 6 + 9. Let o be r(-5). Suppose 4*i - 377 - o = 0. Is i prime?
True
Suppose 0 = -f + 5, -j + 23 = -5*f - 84. Let c = 309 - j. Is c composite?
True
Suppose -16 = 17*a - 21*a. Suppose 2*c - 899 = -2*f - 3*f, -a*f - c = -718. Is f a composite number?
False
Suppose -13*d + 8*d = -20. Suppose 4*t - 4*r - 4404 = 0, -d*t - r + 4380 = r. Is t prime?
True
Suppose 0 = 2*m + 2*y - 786, 18*y - 14*y = 5*m - 2001. Is m prime?
True
Suppose -4*b - b = -20. Suppose -4*j + 0*j + 2*g + 2 = 0, -5 = -b*j + g. Suppose -d + 0*o + 20 = -j*o, -47 = -4*d - 3*o. Is d composite?
True
Is -613*(-4 - 3)/7 prime?
True
Suppose -2*t + 4 = -3*v - 6*t, -t + 5 = 0. Let b(c) = -74*c - 11. Is b(v) prime?
False
Suppose 2925 = -23*r + 26*r. Let q = -204 + r. Is q composite?
True
Let v = 10 - 6. Let t = 40 - 35. Suppose v*x + 5*j - 145 - 32 = 0, t*x = -2*j + 217. Is x prime?
True
Suppose 12758 = -2*l + 6*l - 3*y, 9575 = 3*l + y. Is l a composite number?
False
Suppose -6*n = -n - 2665. Suppose 87 = q + 7. Suppose -5*t + 2*o = -1047, -3*t + q = -5*o - n. Is t a prime number?
True
Let a be (0 - 6)/(8/(-16)). Suppose -4*i + g = -0*i + 61, 52 = -4*i + 4*g. Is ((-942)/4)/(a/i) prime?
False
Suppose -2*f - 70 = q - 231, 3*f + 655 = 4*q. Is q a prime number?
True
Let u(f) be the second derivative of -103*f**3/6 - 6*f**2 - 3*f. Is u(-7) a prime number?
True
Let s = 67 + -66. Let z(h) = 6*h - 1. Let v be z(1). Is 19488/35 + s/v prime?
True
Suppose -4*x = 4*y - 32, -2*y - 28 = -7*y - x. Suppose y*p = -3*d - 8, 5*d + 4 - 20 = -p. Is (5 - d) + 101*2 prime?
False
Suppose 0 = s - 5*i - 111953, 447812 = 4*s - 30*i + 35*i. Is s a prime number?
True
Let m = 16414 + -8783. Is m a composite number?
True
Suppose f + 2*t = -2, 2*f - t + 4 = -0*t. Let d be (f/(-4))/((-2)/(-6644)). Suppose -4*u = 5*g - d, -4*u - 2*g + 231 = -1439. Is u a prime number?
True
Suppose 0 = 171*v - 168*v - 4629. Is v a composite number?
False
Let l = 1338 - -43. Is l a prime number?
True
Let g = 51182 + -29529. Is g a prime number?
False
Is 10/(-30) - (-3)/(36/148816) composite?
False
Let d(n) = 265*n**2 - 36*n - 98. Is d(-11) prime?
True
Let h be -5 - -7 - (1 - 1). Let b(i) = 101*i + 1. Is b(h) prime?
False
Is ((-9)/((-108)/(-8)))/((-6)/14607) a prime number?
False
Let a(k) = 144*k**2 + 6*k - 1. Is a(-6) prime?
True
Let a(m) = -64*m**3 + m. Let q be a(-1). Let x(h) = 18*h**2 - 4*h - 4. Let t be x(-1). Is t/q - (-2194)/14 composite?
False
Suppose -190*k = -170*k - 17540. Is k prime?
True
Is 3/((-18)/8)*(-65199)/206 composite?
True
Let g(c) = 2*c**3 + c**2 - 3*c - 1. Suppose 30 = 6*u - u. Is g(u) a composite number?
False
Let r(j) = -1015*j - 585. Let v(k) = -113*k - 65. Let q(x) = -6*r(x) + 55*v(x). Is q(-14) a prime number?
False
Let m(i) = -i + 6. Let j be m(15). Let x = j - -18. Let q(p) = 16*p + 5. Is q(x) a prime number?
True
Let q(l) = 295*l + 319. Is q(32) composit